n divisor of x and 4.
4
Let p = -40 - -73. Suppose -w + 50 = -p. Suppose -2*v + w = -3*q + 20, 2*v - 5*q = 53. Calculate the highest common divisor of v and 26.
13
Suppose 0 = 4*u - 44 + 8. Let k be (-2)/(-2 - 12/(-9)). What is the highest common divisor of u and k?
3
Suppose x = -2*u + 5*x - 2, -u + 5*x = 4. Suppose -16 = -5*m - a, 3*a - 4 = -u. Let t be 64 - (0 - m/3). Calculate the greatest common factor of 26 and t.
13
Suppose -2*y + h + 0 = -4, h + 2 = 0. Suppose -79*g + 74*g + 25 = 0. What is the highest common factor of g and y?
1
Let p(g) = -g**2 - 5*g. Let r be p(-4). Suppose -5*w - r*c + 148 = 0, 0 = 5*w - 5*c + 16 - 146. Calculate the greatest common divisor of 42 and w.
14
Let r = 208 - 186. What is the greatest common divisor of 110 and r?
22
Suppose -4*p + 2 = -6. Suppose 0 = 4*d + d - 3*l - 61, -5*l = p*d - 12. Calculate the greatest common divisor of d and 22.
11
Suppose 43 = -3*f - 2*u, 2*f + 2*u = f - 17. Let o = -9 - f. What is the highest common divisor of 20 and o?
4
Let l be 14 + -1 + 0 + 2. Let k be (-86)/(-10) - (-6)/l. Suppose 0 = 3*i - 4*i + k. Calculate the highest common factor of 45 and i.
9
Let i = -77 - -87. What is the highest common divisor of 4 and i?
2
Let v(l) = l**2 + l + 1. Let b(a) = -a**3 - 3*a**2 + 10. Let x(c) = -b(c) + 5*v(c). Let j be x(-7). What is the greatest common divisor of 99 and j?
9
Let d(u) = 6*u**3 - u + 1. Suppose 0 = 3*z - 0 - 9. Let f be d(z). Suppose -3*s - 20 = -4*s. Calculate the highest common factor of s and f.
20
Let k be 0 - -10 - (9 + -5). Let s = 3 + 1. Calculate the highest common factor of k and s.
2
Let i be 28 - (-1 - 15/(-5)). Calculate the highest common divisor of 78 and i.
26
Suppose 4 = -2*q + 12. Let i be q/10 + 58/5. Calculate the highest common factor of 18 and i.
6
Let j(r) = -r**2 + 9*r - 8. Let f be j(8). Suppose i + 3*a + 41 = 5*i, f = 2*i - 4*a - 28. What is the greatest common divisor of 16 and i?
8
Suppose 5*b + 26 = 2*x, -4*b - 20 = b. Suppose 69 = 3*j - x*g, 0 = -j + 2*g - 0*g + 19. What is the highest common factor of j and 9?
9
Suppose h + 0*h + 89 = 0. Let j = -19 - h. Calculate the highest common factor of j and 14.
14
Let a(b) = b**3 + 11*b**2 + 10*b + 8. Let k(l) = -4*l - 2. Let o be k(2). Let q be a(o). What is the highest common divisor of 8 and q?
8
Let z be (-39)/(-2)*50/15. What is the greatest common divisor of z and 10?
5
Let y = 24 - 17. Suppose 3*h - 29 = y. Let m be (3 + 36/4)*2. What is the highest common divisor of h and m?
12
Let o be (1/(-2))/(((-7)/20)/7). Calculate the highest common divisor of 55 and o.
5
Let j = -9 + 9. Suppose 5*i + j*i - 5*q - 85 = 0, -4*q = -5*i + 84. Calculate the greatest common factor of i and 176.
16
Suppose z = 4*m - 663, 0*z + z = -2*m + 327. Suppose m = 2*w - 275. Calculate the highest common factor of 20 and w.
20
Suppose -21 + 2 = -q. Let g = 11 + q. What is the highest common factor of 240 and g?
30
Let q(r) = 2*r**3 + 5*r**2 + 3*r + 3. Let k be q(5). Let h be 2 - (1 - 6 - -2). Suppose 43 = -h*j + k. Calculate the greatest common divisor of j and 7.
7
Let t(n) = n**2 - 9*n - 3. Let i be t(10). Let q(d) = d**2 - 7*d + 12. Let g be q(i). What is the highest common factor of g and 108?
12
Let j = 44 + -25. Let l = -5 + j. Calculate the highest common divisor of 112 and l.
14
Let l be (-1*7)/((-1)/2). Let t be 2/((l/(-51))/(-7)). Calculate the highest common factor of t and 34.
17
Let i = 26 + -6. What is the highest common divisor of i and 110?
10
Let p(r) = -r**2 - 6*r + 9. Let k be p(-5). What is the highest common divisor of 21 and k?
7
Suppose 0 = -12*h + 905 + 19. What is the highest common factor of 22 and h?
11
Suppose -101 = -2*u - 5*p, -2*u - 2*p = p - 99. Suppose 96 + 24 = 5*y. Calculate the highest common factor of u and y.
24
Let y be 14 + 0/(-3 - -1). What is the highest common divisor of 35 and y?
7
Let j(k) = 25 + 2*k**2 - 25. Let g be j(6). Let v be (g/(-4))/(2 + -4). Calculate the greatest common divisor of 36 and v.
9
Let n be -4 - -9 - -4*1. Calculate the greatest common divisor of 45 and n.
9
Let t be ((-3)/2)/(22/(-1100)). Let r(y) = y**3 + 6*y**2 + y - 5. Let n be r(-5). What is the greatest common divisor of n and t?
15
Suppose 0 = c - 2*w - 110, -w + 373 + 76 = 4*c. Calculate the highest common factor of 16 and c.
16
Let b(r) = r + 1. Let k(n) = 5*n - 9. Let h(f) = 6*b(f) - k(f). Let m be h(-8). Calculate the greatest common divisor of 56 and m.
7
Let a be (-6)/15 - 354/15. Let p = a + 34. What is the highest common divisor of 30 and p?
10
Suppose 2*g = -2*j - 0*j + 10, -3*j - 2*g = -19. Let r = j + -5. Calculate the greatest common divisor of 2 and r.
2
Suppose -2*m = 3*u - 198 - 208, m = -1. What is the greatest common factor of u and 17?
17
Suppose 3 + 4 = 2*u - y, 0 = -u - 2*y - 4. Let j be (0 - -6)/u - -305. Calculate the highest common divisor of 28 and j.
28
Let u = 89 - 81. Calculate the greatest common factor of u and 192.
8
Suppose 2*v + v - 240 = 0. Let i(w) = 9*w - 1. Let r be i(3). Let o = -16 + r. What is the highest common divisor of v and o?
10
Suppose 0 = 4*y - 0 - 8. Suppose -5*t + y*t + 40 = -z, -3*z = t. What is the highest common divisor of t and 60?
12
Let a be 2/12 - 842/12. Let d = 140 + a. Calculate the highest common divisor of d and 10.
10
Suppose 3*k - 152 = -2*z, -2*k + z + 31 + 82 = 0. What is the greatest common factor of 6 and k?
6
Suppose -2*z + 6 - 16 = 0, -3*w + z - 109 = 0. Let p be 2/(-7) + w/14. Let i = 9 - p. Calculate the highest common factor of 8 and i.
4
Let c(k) = k**3 - 2*k**2 + 10*k - 13. Let z be c(4). Calculate the highest common factor of z and 295.
59
Suppose 6*m - 3*n = 3*m + 9, -4*n + 16 = 3*m. Suppose 0 = -m*u + 3*u + 81. Let r = -7 - -16. Calculate the greatest common factor of r and u.
9
Let d be (-15)/10 + 18/4. Let s be (-2)/d + 112/6. What is the highest common factor of 18 and s?
18
Let j be 2*30/4 - 5. What is the greatest common factor of 70 and j?
10
Let y be 28*4/(-10)*-5. Let o(g) = -g**3 - 6*g**2 - 5*g + 3. Let l be o(-5). Suppose -11 = -2*m + l. Calculate the greatest common factor of m and y.
7
Suppose -5*c + 55 = 695. Let m = c + 260. Suppose 2*d = -0*d + m. Calculate the greatest common divisor of 44 and d.
22
Let q = -30 + 8. Let d = q - -47. Calculate the greatest common factor of 10 and d.
5
Let c = -38 - -59. Let m(h) = -4 + 3*h - 2 + h. Let g be m(5). What is the greatest common factor of c and g?
7
Let g = -35 + 45. What is the highest common divisor of 20 and g?
10
Let h be (((-64)/(-20))/4)/(2/25). Calculate the highest common factor of 70 and h.
10
Let m be (22/(-6))/((-2)/90). Let o be (6/(-2))/(4 - 84/20). What is the greatest common factor of m and o?
15
Suppose -5*j = 5*i - 95 - 330, -4*i = -j - 335. Suppose 3*s - i = s. Calculate the greatest common divisor of 28 and s.
14
Let d = -214 - -326. Let i = -13 + d. What is the highest common divisor of 11 and i?
11
Suppose -6*l + 207 = -3*l. Let t be (860/(-40))/((-2)/(1*4)). Let f = l + t. Calculate the highest common factor of f and 16.
16
Let k(a) = 12*a + 12. Let j be k(2). What is the greatest common factor of j and 4?
4
Let l be 3/12*-2*0. Suppose q - 5*q + 12 = l. Let n be ((-4)/q)/((-2)/15). Calculate the highest common factor of 110 and n.
10
Let t = -100 + 352. What is the greatest common divisor of 28 and t?
28
Suppose 0 = -7*m + 2*m + u + 314, m - 5*u = 58. Suppose -2*n - m = -5*n. What is the greatest common factor of n and 231?
21
Suppose -3*d = -7 + 1. Suppose -d = m - 30. Calculate the greatest common divisor of 4 and m.
4
Let d = -162 + 164. What is the highest common factor of 9 and d?
1
Let p(h) = -h**2 + 15*h + 10. Let f be p(10). What is the highest common factor of f and 15?
15
Suppose 2*f - 10 = 42. Let l be (-4)/14 + 1146/42. Suppose -117 = -30*z + l*z. Calculate the highest common factor of z and f.
13
Let c = 37 - 13. Let m = 16 - 8. What is the highest common divisor of c and m?
8
Suppose -4*z - 10 = -5*z. What is the greatest common factor of z and 40?
10
Let t = 115 + 17. Calculate the highest common divisor of t and 33.
33
Let n(t) = t**3 - 5*t**2 + 4*t + 4. Let c be n(4). Let a(m) = m**2 - 2*m - 5. Let k be a(c). Calculate the highest common factor of k and 9.
3
Suppose -6*a + 113 = -127. What is the highest common factor